Suppose 5*p = 5*k - 60, v*k - 4*k = -5*p - 25. What is h(p)?
-3
Let m(x) = -x**2 - 16*x - 10. Suppose -103*z - 69*z + 569 = 2977. Calculate m(z).
18
Let x = -100 - -83. Let j = x + 12. Let a(h) = h**3 + 7*h**2 + 5*h - 7. What is a(j)?
18
Let z(o) = -o - 6. Let n be ((-63)/(-28) - 4)/((-4)/32). Suppose 125*a = 127*a + n. Determine z(a).
1
Let c(v) = -6*v**2 - v + 7. Let p be ((-3)/5)/(12/60). Give c(p).
-44
Suppose 2*p = -2*b - 4, -5*p + 0*p - 2*b - 4 = 0. Let i(w) = -5*w + 4*w + p*w + w**2 - 2. Let s be ((-104)/78)/((-4)/(-6)). Calculate i(s).
4
Let s(x) = -4*x**3 + x**2 + x - 2. Let m(w) = -25*w**3 + 38*w**2 + 37*w + 69. Let d(a) = -m(a) + 6*s(a). Calculate d(33).
-15
Suppose 4*k + i = -21, -3*i = -i - 6. Let z(s) = -s + 21. Let r(o) = -2*o + 31. Let l(y) = -5*r(y) + 8*z(y). What is l(k)?
1
Let a(s) = 8*s - 17 + s**3 + 22*s**2 + 51 + s - 8*s. Let f be a(-22). Let o(k) = -k**3 + 11*k**2 + 13*k - 7. What is o(f)?
5
Suppose 4*y + 24 = -2*h, 3*h - 24 = 4*y - 2*h. Let p(a) = 4*a - 30. Let f(v) = 5*v - 31. Let o(u) = y*p(u) + 5*f(u). Determine o(0).
25
Let h = 262 - 260. Let k be (-3 - -5) + -4 - -3. Let i(p) = -p**2 + 1. Let j(f) = -4*f + 3. Let y(o) = k*j(o) - i(o). What is y(h)?
-2
Let t(a) = 3 - 251*a + 505*a + 16*a**2 - 250*a. Determine t(-1).
15
Let w(r) = -4*r + 4. Suppose -3*i - 20 = -7*i. Suppose 0 = -3*m - 9, 33 = 8*g - 5*g - 4*m. Suppose 4 = -5*z + 2*x - g, z + i*x = -13. Give w(z).
16
Let z(d) = -26 - 5 - 17*d + 63*d - 22*d - 21*d. Suppose -78 + 6 = -8*p. Calculate z(p).
-4
Let n(a) be the first derivative of a**2 + 3*a - 4870. Suppose -4*s - 12 = 4*r, 2*r + 0*s + 8 = -4*s. Let d be r/4 - (-7)/2. Calculate n(d).
9
Let t(z) = z**2 - 3*z - 7. Let j = -651 - -443. Let c be -3*(j/60 - (-3)/(-15)). Suppose 6*m - c = 19. Give t(m).
3
Let u(j) = -37*j**3 + 41*j**2 + 28*j + 50. Let a(g) = -15*g**3 + 20*g**2 + 14*g + 23. Let d(c) = -5*a(c) + 2*u(c). Determine d(19).
80
Let r(d) = d**3 - 2*d**2 + 2*d + 5. Let c = 5732 + -5729. Calculate r(c).
20
Let s(o) be the first derivative of -o**4/4 - 2*o**3/3 + o**2/2 + o - 1222. Calculate s(0).
1
Let o = -7002 + 7000. Let h(a) = -a**3 - 4*a**2 - 2*a + 1. Calculate h(o).
-3
Let y(b) be the first derivative of 67 - b + 7/2*b**2 + 1/3*b**3. Determine y(-7).
-1
Let s(j) = -2 + 3 - 22*j - 13*j + 26*j. Let m = 474 - 477. Give s(m).
28
Let s(h) = -h**3 + 3*h**2 + 19*h - 7. Let o be s(6). Let a be o + (0 - -3 - (-7 + 6)). Let x(u) = u**2 - 2*u - 2*u**2 + 7*u - 4. What is x(a)?
2
Let f(t) = t**3 + 5*t**2 - 22*t - 87. Let k be f(-3). Let i(q) = 10*q**2 + 25*q - 4. What is i(k)?
11
Let u(f) = -f**3 - 71*f**2 + 630*f + 11. Let t be u(8). Let w(a) = 7*a**2 + 37*a + 5. Give w(t).
-5
Suppose 32*y - 120 = 17*y + 23*y. Let v(t) = -t - 25. Calculate v(y).
-10
Suppose -4*y - 215 = 5*r, -r - r = y + 53. Let f = -142 - y. Let j = f - -84. Let k(s) = s + 6. Calculate k(j).
3
Let y(f) be the first derivative of f**4/4 - f**3 + f - 748. Let x be (2 - 0) + 0/(-1). Let h be (x/(-3))/((-6)/27). Give y(h).
1
Let x(i) = -i - 7. Let j be x(-12). Let w be ((-62)/j)/((-15)/75). Let n(y) = -6 - w*y + y**2 - 5 + 67*y. Determine n(-8).
13
Let f(l) = -l**3 + l**2 - l - 1. Let n(k) = -7*k**3 + k**2 + 6*k - 16. Let z(a) = 6*f(a) - n(a). Let w be (-84)/(882/(-42)) + -11. Calculate z(w).
-4
Let w(j) = -j**3 + 8*j**2 + 6*j + 6. Let d(c) = -3*c**3 + 22*c**2 + 19*c + 17. Let o(s) = -4*d(s) + 11*w(s). Give o(4).
22
Let x(a) be the third derivative of -a**3/6 - 2*a**2 - 290. Let u(r) = -r**2 - 4*r + 8. Let o be (-3)/(-2) - (-9)/2. Let i(f) = o*x(f) + u(f). Determine i(-6).
-10
Suppose u = -2*w - 12, 260*w - 255*w = 2*u - 21. Let p(y) = -y**2 - 7*y - 10. What is p(w)?
0
Let s(n) = -87*n - 1537. Let p be s(-18). Let t(w) = w**2 - 29*w - 1. Calculate t(p).
-1
Suppose -2*y - 4*a = 14, -2*y = a - 192 + 215. Let s(x) = -x**3 - 13*x**2 - 2*x - 19. Determine s(y).
7
Let g(n) = 2*n - 1 - 4*n - 1. Let f = -1640 - -1645. Calculate g(f).
-12
Let v(u) = -u**3 - 5*u**2 + 10*u - 10. Let m be v(-7). Suppose -m*c + 4 = 112. Let b(n) = -8 + 10 + 5 + 5*n. What is b(c)?
-23
Let c(n) be the second derivative of 4*n**3/3 - n**2 + 10*n. Let v be (13*(-4)/8)/((-3)/6). Suppose v*p - 9*p - 8 = 0. What is c(p)?
14
Let f(a) = a**2 + 6*a - 9. Suppose -6*m - 525 = 94*m - 25*m. Give f(m).
-2
Let u(q) = 6*q**2 - 248 - 5*q**2 - 17*q + 0*q**2 + 229. What is u(16)?
-35
Let y = -610855 - -610856. Let s(l) = 0*l + 2*l - 13*l**3 - l**2 - 1 + 0. What is s(y)?
-13
Let x(i) be the second derivative of -i**4/6 + 8*i**3/3 - 31*i**2/2 + 767*i. Determine x(7).
-17
Let v(a) = -a**3 + 2*a**2 + 5*a - 4. Let j be ((-20)/16)/((-2)/8). Let r be 2/(j*(-2)/(-15)). Suppose r*c + 2*o = -c + 6, 0 = c + 5*o + 12. Calculate v(c).
2
Let i(l) be the third derivative of l**5/30 - 23*l**4/12 + 23*l**3/6 - 3210*l**2. Determine i(22).
-21
Let y be (-417)/(-12) - 1/(-4). Let f = -32 + y. Let m(j) = -3 - 6*j**2 + 5 - j**f - 8. Calculate m(-6).
-6
Suppose -t = 46 - 38. Let a(k) = -k**3 - 9*k**2 - 11*k - 8. What is a(t)?
16
Let p(h) = -4*h**3 + 78*h**2 + 40*h + 5. Let x be p(20). Suppose 0 = -2*i + 4*c + 20, x*c - 4 = -4*i - 16. Let y(q) = -3*q**3 + 3*q - 2. Give y(i).
-20
Let t(x) be the third derivative of -x**6/120 + x**5/6 - x**4/24 + 2*x**3/3 - 21*x**2 + 8*x. Determine t(10).
-6
Let b(r) = 6*r**2 - 4*r + 2. Let a = 234 + -226. Suppose 0 = -n - 3*z + a, -2*z - 2*z + 18 = 5*n. Give b(n).
18
Suppose -5*u = -3*d + 1, 0*u = -2*u + 5*d - 8. Suppose 0*a + u = -a. Let m(q) = -6 + 15*q + 4 + 8 - 7. Give m(a).
-16
Let f(b) be the second derivative of -b**4/12 + 7*b**3/6 - 5*b**2/2 - 29*b. Let w = -25 - -30. What is f(w)?
5
Let u(o) = o**2 - o + 3. Let w be u(0). Let k(j) = -1 - 27*j**3 + 10*j**3 + 4*j**2 + j**3 + 5*j**3 + j + 9*j**3. Determine k(w).
-16
Let o(n) = -1. Let t(h) = h**3 + 2. Suppose 4*k - 10 = 5*b, b = k + 3*b - 9. Let l(f) = k*o(f) - t(f). Determine l(0).
-7
Suppose 2*n = 3*b + 15 + 2, -20 = -3*n - b. Suppose -v - 4*j - 8 = 0, -j = 5*v - 0*j - 55. Let i(q) = -n*q + v*q - 3*q. Determine i(-2).
-4
Let g(s) = -3*s**2 - 5*s. Let h(x) = -29*x**2 - 30*x + 159. Let l(y) = 9*g(y) - h(y). What is l(-6)?
3
Let u(k) = -4*k**3 - 6*k**2 - 3. Suppose 0 = -2*r + 4*r - 12. Let n(o) = -2 - r - 5 + 15 + 6*o**2 - o + 5*o**3. Let m(f) = 3*n(f) + 4*u(f). Determine m(-6).
12
Let x(a) = a. Suppose -5*c - 195 = -5*v, 5*v + 2*c - 99 = 103. Let r be (3/(-6) + 4/v)*-10. Suppose -4*y = k + 3*k - 20, -r*k = 5*y - 23. Determine x(y).
3
Let g(i) = 32*i - 24 - 67*i + 42*i + 1. Calculate g(3).
-2
Let d(l) = -34*l**3 + 38*l**2 - 58*l - 54. Let u(a) = -7*a**3 + 8*a**2 - 12*a - 11. Let f(y) = 4*d(y) - 19*u(y). Determine f(-2).
25
Let w(p) = -p**3 + 12*p**2 - 14*p + 10. Let r be 2/25*-5 + 4/(-60)*-141. What is w(r)?
127
Let k(r) = 5*r - 13. Let f(h) = 16*h. Let i(b) = 43*b - 27. Let m(l) = -2*f(l) + i(l). Suppose g = -3*g - 24. Let q(y) = g*m(y) + 13*k(y). Determine q(-5).
-2
Let t(n) be the first derivative of -3*n + 5/2*n**2 - 42. Give t(1).
2
Let x(h) = 4*h + 0*h - 3*h. Suppose 1 = -93*v + 3 - 95. Determine x(v).
-1
Suppose -530*i + 724 = -336. Let x(z) be the third derivative of 0 - 14*z**i + 1/60*z**5 + 1/8*z**4 + 0*z - 2/3*z**3. What is x(-4)?
0
Suppose 457*h + 5*p + 19 = 453*h, -h + 39 = -5*p. Let i(a) be the second derivative of 22*a - 5/2*a**2 + 1/20*a**5 + 7/12*a**h + 0 + a**3. What is i(-6)?
-5
Let q be 15 - (-3)/(-6)*12. Let v(i) = -i**3 + 8*i**2 + 8*i + 9. Let f be v(q). Let u(a) = -3*a**2 - a - 3 + 2*a**2 - 4. Calculate u(f).
-7
Let n = 21 + 60. Let z(t) = 7*t**2 + 78 + 3*t + t**3 - 10*t**2 - n. Calculate z(3).
6
Suppose s = m - 5, -65*m + 15 = -62*m - 2*s. Let y(l) = -l**3 + 12*l**2 - 31*l - 6. Determine y(m).
14
Suppose -1818 = 111*j - 114*j. Let y = 612 - j. Let o(x) = x**3 - 8*x**2 + 11*x - 14. Determine o(y).
-20
Suppose -19*n - 52 = 37*n + 228. Let r(o) = 6*o - 12. Give r(n).
-42
Suppose 5*m = c - 44, m + 98*c - 4 = 95*c. Let a(k) = -k**3 - 9*k**2 - 10*k - 26. Determine a(m).
-10
Let f(q) = -2 + 0*q - 3*q + 3*q**2 + q + 0*q**2. Let i be 20/(-50)*40/(-2)*1. Suppose -18 = -i*c - c. Determine f(c).
6
Let n(t) = 4*t**2 - 10*t + 29. Let m(i) = -2*i**2 + i - 3. Let k(v) = -3*m(v) - n(v). Calculate k(2).
2
Suppose 2*a = 4*j - 16, -4*j = -6*j + 2*a + 8. Suppose -28 = -4*p - t, 5 = j*p + 5*t - 7. Let l(o) = o**3 - 9*o**2 + 6*o